{"id":3200,"date":"2025-05-13T16:16:28","date_gmt":"2025-05-13T14:16:28","guid":{"rendered":"https:\/\/montpezat-gers.com\/?page_id=3200"},"modified":"2025-05-13T16:33:54","modified_gmt":"2025-05-13T14:33:54","slug":"inauguration-du-moulin","status":"publish","type":"page","link":"https:\/\/montpezat-gers.com\/index.php\/inauguration-du-moulin\/","title":{"rendered":"Inauguration du moulin"},"content":{"rendered":"<p><strong><img loading=\"lazy\" decoding=\"async\" class=\"alignnone size-medium wp-image-3089\" src=\"https:\/\/montpezat-gers.com\/wp-content\/uploads\/2025\/05\/cropped-IMG_1490-scaled-1-300x216.jpg\" alt=\"\" width=\"300\" height=\"216\" srcset=\"https:\/\/montpezat-gers.com\/wp-content\/uploads\/2025\/05\/cropped-IMG_1490-scaled-1-300x216.jpg 300w, https:\/\/montpezat-gers.com\/wp-content\/uploads\/2025\/05\/cropped-IMG_1490-scaled-1-1024x738.jpg 1024w, https:\/\/montpezat-gers.com\/wp-content\/uploads\/2025\/05\/cropped-IMG_1490-scaled-1-768x553.jpg 768w, https:\/\/montpezat-gers.com\/wp-content\/uploads\/2025\/05\/cropped-IMG_1490-scaled-1-1536x1107.jpg 1536w, https:\/\/montpezat-gers.com\/wp-content\/uploads\/2025\/05\/cropped-IMG_1490-scaled-1-2048x1476.jpg 2048w\" sizes=\"auto, (max-width: 300px) 100vw, 300px\" \/><\/strong><\/p>\n<p><strong>Inauguration du moulin et de sa tabl<\/strong><strong>e d\u2019orientation : un patrimoine retrouv\u00e9<\/strong><\/p>\n<p>Le terrain de la Rente a toujours appartenu \u00e0 la commune, mais le moulin qui s\u2019y dresse fi\u00e8rement depuis 1817 \u00e9tait, lui, une propri\u00e9t\u00e9 priv\u00e9e. Perch\u00e9 sur le point culminant de la commune, il a longtemps produit la farine des boulangers locaux, jusqu\u2019\u00e0 la fin du XIXe si\u00e8cle. Abandonn\u00e9 ensuite, il s\u2019est lentement d\u00e9grad\u00e9, victime du temps et de l\u2019oubli.<\/p>\n<p>\u00ab\u00a0Achet\u00e9 en 2000 par l\u2019ancienne municipalit\u00e9, il est rest\u00e9 en l\u2019\u00e9tat pendant pr\u00e8s de dix ans. C\u2019est en 2010 que le conseil municipal actuel a d\u00e9cid\u00e9 de le consolider. Gr\u00e2ce \u00e0 une dotation exceptionnelle de 18 000 \u20ac de Total Energy, les travaux ont pu \u00eatre r\u00e9alis\u00e9s, permettant de sauver l\u2019\u00e9difice\u00a0\u00bb a soulign\u00e9 le maire Guy Lar\u00e9e.<\/p>\n<p>Mais au-del\u00e0 de cette consolidation, la volont\u00e9 \u00e9tait de redonner au moulin une nouvelle vocation. C\u2019est ainsi qu\u2019a \u00e9t\u00e9 imagin\u00e9e l\u2019installation d\u2019une table d\u2019orientation, pour encourager les promeneurs \u00e0 d\u00e9couvrir ce lieu charg\u00e9 d\u2019histoire et profiter d\u2019un point de vue remarquable. Parall\u00e8lement, la place de la Rente a \u00e9galement \u00e9t\u00e9 r\u00e9am\u00e9nag\u00e9e. Le co\u00fbt total de l\u2019op\u00e9ration s\u2019\u00e9l\u00e8ve \u00e0 49 638,50 \u20ac HT, subventionn\u00e9 \u00e0 80 %.<\/p>\n<p>Lors de l\u2019inauguration, le maire a tenu \u00e0 remercier la communaut\u00e9 de communes pour la r\u00e9fection de la voirie, les entreprises intervenues, ainsi que les nombreux b\u00e9n\u00e9voles qui ont pr\u00eat\u00e9 main-forte \u00e0 l\u2019installation des escaliers. Une mention sp\u00e9ciale a \u00e9t\u00e9 faite \u00e0 Serge Rigon pour la ferronnerie et les travaux autour du moulin.<\/p>\n<p>Enfin, un hommage appuy\u00e9 a \u00e9t\u00e9 rendu \u00e0 Claude Gesta, conseiller municipal attentif et passionn\u00e9, qui a suivi chaque \u00e9tape du chantier et devient, symboliquement, le gardien des lieux en recevant la clef du moulin et devenant ainsi le \u00ab\u00a0Meunier de Montpezat\u00a0\u00bb<\/p>\n<p>&nbsp;<\/p>\n","protected":false},"excerpt":{"rendered":"<p>Inauguration du moulin et de sa table d\u2019orientation : un patrimoine retrouv\u00e9 Le terrain de la Rente a toujours appartenu \u00e0 la commune, mais le moulin qui s\u2019y dresse fi\u00e8rement depuis 1817 \u00e9tait, lui, une propri\u00e9t\u00e9 priv\u00e9e. Perch\u00e9 sur le point culminant de la commune, il a longtemps produit la farine des boulangers locaux, jusqu\u2019\u00e0 [&hellip;]<\/p>\n","protected":false},"author":1,"featured_media":0,"parent":0,"menu_order":0,"comment_status":"closed","ping_status":"closed","template":"","meta":{"footnotes":""},"class_list":["post-3200","page","type-page","status-publish","hentry"],"_links":{"self":[{"href":"https:\/\/montpezat-gers.com\/index.php\/wp-json\/wp\/v2\/pages\/3200","targetHints":{"allow":["GET"]}}],"collection":[{"href":"https:\/\/montpezat-gers.com\/index.php\/wp-json\/wp\/v2\/pages"}],"about":[{"href":"https:\/\/montpezat-gers.com\/index.php\/wp-json\/wp\/v2\/types\/page"}],"author":[{"embeddable":true,"href":"https:\/\/montpezat-gers.com\/index.php\/wp-json\/wp\/v2\/users\/1"}],"replies":[{"embeddable":true,"href":"https:\/\/montpezat-gers.com\/index.php\/wp-json\/wp\/v2\/comments?post=3200"}],"version-history":[{"count":0,"href":"https:\/\/montpezat-gers.com\/index.php\/wp-json\/wp\/v2\/pages\/3200\/revisions"}],"wp:attachment":[{"href":"https:\/\/montpezat-gers.com\/index.php\/wp-json\/wp\/v2\/media?parent=3200"}],"curies":[{"name":"wp","href":"https:\/\/api.w.org\/{rel}","templated":true}]}}