{"id":122,"date":"2020-12-07T17:53:08","date_gmt":"2020-12-07T16:53:08","guid":{"rendered":"https:\/\/montpezat-gers.com\/?page_id=122"},"modified":"2021-06-24T19:03:33","modified_gmt":"2021-06-24T17:03:33","slug":"actualites","status":"publish","type":"page","link":"https:\/\/montpezat-gers.com\/index.php\/actualites\/","title":{"rendered":"Actualit\u00e9s"},"content":{"rendered":"<div data-colibri-id=\"122-c1\" class=\"style-912 style-local-122-c1 position-relative\">\n  <!---->\n  <div data-colibri-component=\"section\" data-colibri-id=\"122-c42\" id=\"content-2\" class=\"h-section h-section-global-spacing d-flex align-items-lg-center align-items-md-center align-items-center style-917 style-local-122-c42 position-relative\">\n    <!---->\n    <!---->\n    <div class=\"h-section-grid-container h-section-boxed-container\">\n      <div data-colibri-id=\"122-c60\" class=\"h-row-container gutters-row-lg-2 gutters-row-md-2 gutters-row-2 gutters-row-v-lg-2 gutters-row-v-md-2 gutters-row-v-2 style-929 style-local-122-c60 position-relative\">\n        <!---->\n        <div class=\"h-row justify-content-lg-center justify-content-md-center justify-content-center align-items-lg-stretch align-items-md-stretch align-items-stretch gutters-col-lg-2 gutters-col-md-2 gutters-col-2 gutters-col-v-lg-2 gutters-col-v-md-2 gutters-col-v-2\">\n          <!---->\n          <div class=\"h-column h-column-container d-flex h-col-lg-auto h-col-md-auto h-col-auto style-930-outer style-local-122-c61-outer\">\n            <div data-colibri-id=\"122-c61\" class=\"d-flex h-flex-basis h-column__inner h-px-lg-2 h-px-md-2 h-px-2 v-inner-lg-2 v-inner-md-2 v-inner-2 style-930 style-local-122-c61 position-relative\">\n              <!---->\n              <!---->\n              <div class=\"w-100 h-y-container h-column__content h-column__v-align flex-basis-100 align-self-lg-start align-self-md-start align-self-start\">\n                <!---->\n                <div data-colibri-id=\"122-c62\" class=\"h-global-transition-all h-heading style-931 style-local-122-c62 position-relative h-element\">\n                  <!---->\n                  <div class=\"h-heading__outer style-931 style-local-122-c62\">\n                    <!---->\n                    <!---->\n                    <h2 class=\"\">Les actualit\u00e9s<\/h2>\n                  <\/div>\n                <\/div>\n                <div data-colibri-id=\"122-c63\" class=\"h-lead h-text h-text-component style-932 style-local-122-c63 position-relative h-element\">\n                  <!---->\n                  <!---->\n                  <div class=\"\">\n                    <p><em style=\"font-size: 150%; font-family: Playfair Display; color: rgb(80, 141, 233);\">Le dynamisme de Montp\u00e9zat \u00e0 la une de l&rsquo;actualit\u00e9<\/em>\n                      <br>\n                    <\/p>\n                  <\/div>\n                <\/div>\n              <\/div>\n            <\/div>\n          <\/div>\n        <\/div>\n      <\/div>\n      <div data-colibri-id=\"122-c43\" class=\"h-row-container gutters-row-lg-2 gutters-row-md-2 gutters-row-2 gutters-row-v-lg-2 gutters-row-v-md-2 gutters-row-v-2 style-918 style-local-122-c43 position-relative\">\n        <!---->\n        <div class=\"h-row justify-content-lg-center justify-content-md-center justify-content-center align-items-lg-stretch align-items-md-stretch align-items-stretch gutters-col-lg-2 gutters-col-md-2 gutters-col-2 gutters-col-v-lg-2 gutters-col-v-md-2 gutters-col-v-2\">\n          <!---->\n          <div class=\"h-column h-column-container d-flex h-col-lg-auto h-col-md-auto h-col-auto style-919-outer style-local-122-c44-outer\">\n            <div data-colibri-id=\"122-c44\" class=\"d-flex h-flex-basis h-column__inner h-px-lg-0 h-px-md-0 h-px-0 v-inner-lg-0 v-inner-md-0 v-inner-0 style-919 style-local-122-c44 position-relative\">\n              <!---->\n              <!---->\n              <div class=\"w-100 h-y-container h-column__content h-column__v-align flex-basis-100 align-self-lg-start align-self-md-start align-self-start\">\n                <!---->\n                <div data-colibri-id=\"122-c45\" class=\"h-row-container gutters-row-lg-2 gutters-row-md-2 gutters-row-2 gutters-row-v-lg-2 gutters-row-v-md-2 gutters-row-v-2 style-920 style-local-122-c45 position-relative\">\n                  <!---->\n                  <div class=\"h-row justify-content-lg-center justify-content-md-center justify-content-center align-items-lg-stretch align-items-md-stretch align-items-stretch gutters-col-lg-2 gutters-col-md-2 gutters-col-2 gutters-col-v-lg-2 gutters-col-v-md-2 gutters-col-v-2\">\n                    <!---->\n                    <div class=\"h-column h-column-container d-flex h-col-lg-auto h-col-md-auto h-col-auto style-921-outer style-local-122-c46-outer\">\n                      <div data-colibri-id=\"122-c46\" class=\"d-flex h-flex-basis h-column__inner h-px-lg-0 h-px-md-0 h-px-0 v-inner-lg-0 v-inner-md-0 v-inner-0 style-921 style-local-122-c46 position-relative\">\n                        <!---->\n                        <!---->\n                        <div class=\"w-100 h-y-container h-column__content h-column__v-align flex-basis-100 align-self-lg-center align-self-md-center align-self-center\">\n                          <!---->\n                          <div data-colibri-id=\"122-c47\" class=\"h-global-transition-all h-heading style-922 style-local-122-c47 position-relative h-element\">\n                            <!---->\n                            <div class=\"h-heading__outer style-922 style-local-122-c47\">\n                              <!---->\n                              <!---->\n                              <h4 class=\"\">Conseil communautaire \u00e0 Montp\u00e9zat du 26 mai 2021<\/h4>\n                            <\/div>\n                          <\/div>\n                          <div data-colibri-id=\"122-c48\" class=\"h-text h-text-component style-923 style-local-122-c48 position-relative h-element\">\n                            <!---->\n                            <!---->\n                            <div class=\"\">\n                              <p><em style=\"font-family: Average; font-size: 105%;\">Apr\u00e8s avoir accueilli les conseillers communautaires du Sav\u00e8s dans la salle des f\u00eates, le maire de Montp\u00e9zat (vice-pr\u00e9sident de la CCS 32) Guy Lar\u00e9e a regrett\u00e9 cette triste p\u00e9riode, emp\u00eachant d\u2019accueillir dignement les \u00e9lus comme il se doit&#8230; lire la suite<\/em>\n                                <a\n                                  href=\"https:\/\/www.ladepeche.fr\/2021\/06\/03\/la-ccs-32-rend-hommage-a-jean-laporte-9582740.php\" style=\"font-family: Average; font-size: 105%;\"><em> ici<\/em><\/a>\n                              <\/p>\n                              <p>\n                                <br>\n                              <\/p>\n                            <\/div>\n                          <\/div>\n                        <\/div>\n                      <\/div>\n                    <\/div>\n                    <div class=\"h-column h-column-container d-flex h-col-lg-auto h-col-md-auto h-col-auto style-924-outer style-local-122-c49-outer\">\n                      <div data-colibri-id=\"122-c49\" class=\"d-flex h-flex-basis h-column__inner h-ui-empty-state-container h-px-lg-0 h-px-md-0 h-px-0 v-inner-lg-0 v-inner-md-0 v-inner-0 style-924 style-local-122-c49 position-relative\">\n                        <!---->\n                        <!---->\n                        <div class=\"w-100 h-y-container h-column__content h-column__v-align flex-basis-100\">\n                          <!---->\n                        <\/div>\n                      <\/div>\n                    <\/div>\n                  <\/div>\n                <\/div>\n                <div data-colibri-id=\"122-c50\" class=\"h-row-container gutters-row-lg-2 gutters-row-md-2 gutters-row-2 gutters-row-v-lg-2 gutters-row-v-md-2 gutters-row-v-2 style-920 style-local-122-c50 position-relative\">\n                  <!---->\n                  <div class=\"h-row justify-content-lg-center justify-content-md-center justify-content-center align-items-lg-stretch align-items-md-stretch align-items-stretch gutters-col-lg-2 gutters-col-md-2 gutters-col-2 gutters-col-v-lg-2 gutters-col-v-md-2 gutters-col-v-2\">\n                    <!---->\n                    <div class=\"h-column h-column-container d-flex h-col-lg-auto h-col-md-auto h-col-auto style-925-outer style-local-122-c51-outer\">\n                      <div data-colibri-id=\"122-c51\" class=\"d-flex h-flex-basis h-column__inner h-ui-empty-state-container h-px-lg-0 h-px-md-0 h-px-0 v-inner-lg-0 v-inner-md-0 v-inner-0 style-925 style-local-122-c51 position-relative\">\n                        <!---->\n                        <!---->\n                        <div class=\"w-100 h-y-container h-column__content h-column__v-align flex-basis-100\">\n                          <!---->\n                        <\/div>\n                      <\/div>\n                    <\/div>\n                    <div class=\"h-column h-column-container d-flex h-col-lg-auto h-col-md-auto h-col-auto style-921-outer style-local-122-c52-outer\">\n                      <div data-colibri-id=\"122-c52\" class=\"d-flex h-flex-basis h-column__inner h-px-lg-0 h-px-md-0 h-px-0 v-inner-lg-0 v-inner-md-0 v-inner-0 style-921 style-local-122-c52 position-relative\">\n                        <!---->\n                        <!---->\n                        <div class=\"w-100 h-y-container h-column__content h-column__v-align flex-basis-100 align-self-lg-center align-self-md-center align-self-center\">\n                          <!---->\n                          <div data-colibri-id=\"122-c53\" class=\"h-global-transition-all h-heading style-922 style-local-122-c53 position-relative h-element\">\n                            <!---->\n                            <div class=\"h-heading__outer style-922 style-local-122-c53\">\n                              <!---->\n                              <!---->\n                              <h4 class=\"\">Ouverture du Dolium le 18 juin 2021<\/h4>\n                            <\/div>\n                          <\/div>\n                          <div data-colibri-id=\"122-c54\" class=\"h-text h-text-component style-926 style-local-122-c54 position-relative h-element\">\n                            <!---->\n                            <!---->\n                            <div class=\"\">\n                              <p><em style=\"font-family: Average; font-size: 105%;\">Un mus\u00e9e arch\u00e9ologique riche de 3000 objets ouvre dans un petit village du Gers. C\u2019est dans un des plus petits villages du Sav\u00e8s qu\u2019une association de passionn\u00e9s a d\u00e9cid\u00e9 de cr\u00e9er un mus\u00e9e arch\u00e9ologique. \u00abLe Dolium\u00bb accueille ses premiers visiteurs ce samedi&#8230;lire la suite <\/em>\n                                <a\n                                  href=\"https:\/\/www.ladepeche.fr\/communes\/montpezat,32289\" style=\"font-family: Average; font-size: 105%;\"><em>ici<\/em><\/a>\n                              <\/p>\n                              <p>\n                                <br>\n                              <\/p>\n                            <\/div>\n                          <\/div>\n                        <\/div>\n                      <\/div>\n                    <\/div>\n                  <\/div>\n                <\/div>\n                <div data-colibri-id=\"122-c55\" class=\"h-row-container gutters-row-lg-2 gutters-row-md-2 gutters-row-2 gutters-row-v-lg-2 gutters-row-v-md-2 gutters-row-v-2 style-920 style-local-122-c55 position-relative\">\n                  <!---->\n                  <div class=\"h-row justify-content-lg-center justify-content-md-center justify-content-center align-items-lg-stretch align-items-md-stretch align-items-stretch gutters-col-lg-2 gutters-col-md-2 gutters-col-2 gutters-col-v-lg-2 gutters-col-v-md-2 gutters-col-v-2\">\n                    <!---->\n                    <div class=\"h-column h-column-container d-flex h-col-lg-auto h-col-md-auto h-col-auto style-921-outer style-local-122-c56-outer\">\n                      <div data-colibri-id=\"122-c56\" class=\"d-flex h-flex-basis h-column__inner h-px-lg-0 h-px-md-0 h-px-0 v-inner-lg-0 v-inner-md-0 v-inner-0 style-921 style-local-122-c56 position-relative\">\n                        <!---->\n                        <!---->\n                        <div class=\"w-100 h-y-container h-column__content h-column__v-align flex-basis-100 align-self-lg-center align-self-md-center align-self-center\">\n                          <!---->\n                          <div data-colibri-id=\"122-c57\" class=\"h-global-transition-all h-heading style-922 style-local-122-c57 position-relative h-element\">\n                            <!---->\n                            <div class=\"h-heading__outer style-922 style-local-122-c57\">\n                              <!---->\n                              <!---->\n                              <h4 class=\"\">Premi\u00e8re visite scolaire du mus\u00e9e le 21 juin2021<\/h4>\n                            <\/div>\n                          <\/div>\n                          <div data-colibri-id=\"122-c58\" class=\"h-text h-text-component style-927 style-local-122-c58 position-relative h-element\">\n                            <!---->\n                            <!---->\n                            <div class=\"\">\n                              <p><span style=\"color: rgb(68, 114, 196); font-family: Average; font-size: 105%;\">\ufeff<\/span><em style=\"color: rgb(117, 117, 121); font-family: Average; font-size: 105%;\">Le maire,&nbsp;Guy Lar\u00e9e a d\u00e9cid\u00e9 d\u2019offrir personnellement l\u2019entr\u00e9e au mus\u00e9e arch\u00e9ologique de Montp\u00e9zat aux \u00e9l\u00e9ves du village. Une occasion qui a permis aux enfants de d\u00e9couvrir les richesses du territoire sous les explications d\u2019olivier Cabrol, le pr\u00e9sident de l\u2019association C\u00e9rames.<\/em>\n                                <span\n                                  style=\"color: rgb(68, 114, 196); font-family: Average; font-size: 105%;\"> <\/span>\n                              <\/p>\n                            <\/div>\n                          <\/div>\n                        <\/div>\n                      <\/div>\n                    <\/div>\n                    <div class=\"h-column h-column-container d-flex h-col-lg-auto h-col-md-auto h-col-auto style-928-outer style-local-122-c59-outer\">\n                      <div data-colibri-id=\"122-c59\" class=\"d-flex h-flex-basis h-column__inner h-ui-empty-state-container h-px-lg-0 h-px-md-0 h-px-0 v-inner-lg-0 v-inner-md-0 v-inner-0 style-928 style-local-122-c59 position-relative\">\n                        <!---->\n                        <!---->\n                        <div class=\"w-100 h-y-container h-column__content h-column__v-align flex-basis-100\">\n                          <!---->\n                        <\/div>\n                      <\/div>\n                    <\/div>\n                  <\/div>\n                <\/div>\n              <\/div>\n            <\/div>\n          <\/div>\n        <\/div>\n      <\/div>\n    <\/div>\n  <\/div>\n<\/div>","protected":false},"excerpt":{"rendered":"<p>Les actualit\u00e9s Le dynamisme de Montp\u00e9zat \u00e0 la une de l&rsquo;actualit\u00e9 Conseil communautaire \u00e0 Montp\u00e9zat du 26 mai 2021 Apr\u00e8s avoir accueilli les conseillers communautaires du Sav\u00e8s dans la salle des f\u00eates, le maire de Montp\u00e9zat (vice-pr\u00e9sident de la CCS 32) Guy Lar\u00e9e a regrett\u00e9 cette triste p\u00e9riode, emp\u00eachant d\u2019accueillir dignement les \u00e9lus comme il [&hellip;]<\/p>\n","protected":false},"author":1,"featured_media":0,"parent":0,"menu_order":0,"comment_status":"closed","ping_status":"closed","template":"page-templates\/full-width-page.php","meta":{"footnotes":""},"class_list":["post-122","page","type-page","status-publish","hentry"],"_links":{"self":[{"href":"https:\/\/montpezat-gers.com\/index.php\/wp-json\/wp\/v2\/pages\/122","targetHints":{"allow":["GET"]}}],"collection":[{"href":"https:\/\/montpezat-gers.com\/index.php\/wp-json\/wp\/v2\/pages"}],"about":[{"href":"https:\/\/montpezat-gers.com\/index.php\/wp-json\/wp\/v2\/types\/page"}],"author":[{"embeddable":true,"href":"https:\/\/montpezat-gers.com\/index.php\/wp-json\/wp\/v2\/users\/1"}],"replies":[{"embeddable":true,"href":"https:\/\/montpezat-gers.com\/index.php\/wp-json\/wp\/v2\/comments?post=122"}],"version-history":[{"count":9,"href":"https:\/\/montpezat-gers.com\/index.php\/wp-json\/wp\/v2\/pages\/122\/revisions"}],"predecessor-version":[{"id":1677,"href":"https:\/\/montpezat-gers.com\/index.php\/wp-json\/wp\/v2\/pages\/122\/revisions\/1677"}],"wp:attachment":[{"href":"https:\/\/montpezat-gers.com\/index.php\/wp-json\/wp\/v2\/media?parent=122"}],"curies":[{"name":"wp","href":"https:\/\/api.w.org\/{rel}","templated":true}]}}